2*k - 2. Determine j(y).
8
Let n(x) = 6*x**2 - 2*x - 4. Let z(w) be the second derivative of -w**3/6 - w**2/2 + w. Let b(t) = n(t) - 3*z(t). Let s be (6/9)/(4/6). Determine b(s).
6
Let b = 6 - 4. Let v be 1/(3/b)*3. Let n(j) be the second derivative of j**4/12 + j**3/3 - 3*j**2/2 - 2*j. Give n(v).
5
Let u(t) = t. Let j be u(3). Let k(s) be the second derivative of s**5/10 - s**4/3 - 3*s**2/2 - 3*s. Calculate k(j).
15
Let n = -3 + 3. Let a(y) = y + 5 - 3 + 0*y + n*y. Suppose 3*v - 2*v - 3 = 0. Calculate a(v).
5
Let h(n) = 2*n**3 + 5*n**2 - n + 4. Let t(l) = l**3 + 5*l**2 - l + 5. Let k(x) = -2*h(x) + 3*t(x). Give k(5).
2
Let f = -49 - -53. Let l(g) = g**3 - 4*g**2. Give l(f).
0
Let o(b) = b**3 + 4*b**2 + 2*b + 3. Suppose 2*z - 30 = -0*a - a, 0 = -5*a. Suppose 18*y = z*y - 6. Determine o(y).
7
Let i(y) = 5*y**2 - 1. Let d be (-3)/(-2)*22/33. Give i(d).
4
Let w(l) = -3*l - 6. Let n be w(-4). Let v(k) = k**3 - 7*k**2 + 6*k + 3. Let y be v(n). Let m(c) = 1 + 10*c**y - 3*c**2 + 2*c + 5*c**2 + 0. Give m(-1).
-9
Let g(z) = -z**2 + 8*z + 10. Let d be g(8). Suppose 5*h + 10 = 5*k, 2*h = 3*k + 2*k - d. Let q = -1 - h. Let o(t) = 6*t**2 + t + 1. What is o(q)?
6
Let v = -5 + 7. Let h(u) be the third derivative of 0*u**3 + 0*u - u**v + 1/10*u**5 + 1/24*u**4 + 0. Give h(1).
7
Let r = 3 + -1. Let l(t) = t + 2. Let y be l(r). Let d(j) = -2 + j - y + 3. What is d(-4)?
-7
Let w(x) = x**2 + 2*x + 3. Let k be w(-3). Let d(p) = 0 + p + 0 - 1. What is d(k)?
5
Let w be -1 + 3 + 1 + 0. Suppose 0*k + w*k - 6 = 0. Let u(m) = -1 - 4*m**k - m + m**3 + m + m. Calculate u(3).
-7
Let r(x) = x**3 + 2*x**2 - x. Let q be ((-2)/(-5))/(11/(-5) + 2). Calculate r(q).
2
Let v(p) = 8 - 7*p**2 + 5*p**2 + 3*p**2 - 10*p. What is v(6)?
-16
Suppose 5 = 3*k - 4. Suppose -3*y - 4*i = 2, y + 3*i + 10 = k*y. Let l(g) = g**2 + 5*g + 5*g**3 - 3*g - 4*g**3 - 2 - 4*g**y. Determine l(2).
-2
Let l(f) = f**3 - f**2 - 3*f - 4. Let s be l(3). Suppose z - 1 - 1 = 0. Let g(u) = -3*u + 8 + 2 + z*u + 0. What is g(s)?
5
Let k(o) = -o**3 + 3*o**2 + o + 3. Let f(w) = -2*w**2 + 5*w + 7. Let i be f(5). Let z = -15 - i. Calculate k(z).
6
Let m be (-2 + 14/10)/((-2)/(-10)). Let x(j) be the third derivative of -j**6/120 - j**5/20 - j**4/12 - j**3/2 + j**2. Calculate x(m).
3
Let o(t) = t**3 - 5*t**2 + 4*t - 2. Let q be o(4). Let s(v) = 5*v. Determine s(q).
-10
Let a(i) = -4*i**2 + 2*i - 1. Let b(y) = -3*y**2 + 2*y - 1. Let r(j) = -2*a(j) + 3*b(j). Determine r(-2).
-9
Suppose 7*p - 2*p - 15 = 0. Let b(z) = 6*z + z**2 + z**2 - 4 - p*z**2 - 3. Calculate b(5).
-2
Let z(c) = c**3 + 2*c**2 + 9*c - 3. Let p(g) = 5*g**3 + 7*g**2 + 37*g - 11. Let x(v) = 2*p(v) - 9*z(v). Calculate x(5).
-5
Let z(y) = y + 8. Suppose -42 = -3*v + 33. Suppose 0 = 2*l + 4*n + 32, 0*l + 5*l - n + v = 0. Calculate z(l).
2
Let m = 20 - 17. Let g(r) = -r**3 + 2*r**2 + r. What is g(m)?
-6
Let l = -3 - -8. Let k(w) be the third derivative of w**4/24 + 5*w**2. Let j(d) = -d - 6. Let o(g) = -j(g) - 2*k(g). Calculate o(l).
1
Let v(b) = -b - 5. Suppose 15*f = 12*f - 15. Calculate v(f).
0
Suppose 3*n - 28 = -n. Suppose 5*k - 18 = n*k. Let a be (k + 8)/((-2)/6). Let o(x) = -x**2 + 5*x - 1. Calculate o(a).
5
Let w(r) be the first derivative of r**2/2 + 3*r - 9. Calculate w(-7).
-4
Let s = -2 + -3. Let i(l) = -l - 7. Determine i(s).
-2
Let x(i) = i**3 - 4*i**2 - 3*i + 5. Let a = -17 + 21. Give x(a).
-7
Let x(b) be the second derivative of b**3/6 - 2*b**2 + b. Let r(l) = -2*l + 4. Let k be r(4). Let d be -4 + (-28)/k + 1. Calculate x(d).
0
Let y(a) = a**3 + a**2 + 8. Let r be y(0). Let d(j) = -2*j + 8. Determine d(r).
-8
Let x(l) = -l**2 - 3*l + 3. Suppose -8 = -2*d - 14. What is x(d)?
3
Let j(y) be the third derivative of -y**6/120 + y**5/15 + y**4/12 - 8*y**2. Suppose 1 = f + p, 5*f - 3*p = 12 + 17. Give j(f).
8
Let d(b) = -b**3 - 7*b**2 - 8*b - 3. Let g = 92 - 64. Suppose 2*k = 2*i + 2*i + 32, -2*i + 4*k = g. Give d(i).
9
Let x(c) be the second derivative of -c**3/6 + 20*c. Determine x(-5).
5
Let c(d) be the first derivative of -d**4/4 - d**3 + 3*d**2 + 3*d + 1. Suppose 5*f + 30 - 10 = 0. What is c(f)?
-5
Let u(s) be the third derivative of -s**7/840 + s**6/360 - s**5/120 - s**4/24 + s**3/2 + 2*s**2. Let d(x) be the first derivative of u(x). What is d(-1)?
2
Let p(d) = -5*d + 5 + 0 - 4 - 2. Suppose 3*o + 1 = 4*b, 3 = 2*b - 3*o - 2. Determine p(b).
9
Let u(k) = -k**3 + 4*k**2 + 7*k - 2. Suppose -j + 4 = 3. Let w(f) = -f**2 - 4*f + 0*f**3 + 0 - j + f**3. Let s be w(3). What is u(s)?
8
Let w(y) = -3*y - 3. Let n be (-2)/((-2)/3*1). Suppose 0 = -5*o + 4*d + 15, -2*o - 2*d = n*d - 6. Calculate w(o).
-12
Let h = -22 + 17. Let b(p) = p - 1. Calculate b(h).
-6
Let g(w) = -w**2 - 3*w**2 - 5*w + 3*w**2 + 4 + 0*w**2. Calculate g(-6).
-2
Let s(z) = -z**3 - 7*z**2 + 2*z - 6. Suppose 4*c + 38 = 5*d, -23 = 2*c - 3*d - 3. Determine s(c).
-20
Let x(u) = -u**3 - u**2 + u - 9. Let g = -3 - -5. Suppose -7 = -2*r + 4*p + 9, 8 = 2*r - g*p. Determine x(r).
-9
Suppose 0 = 5*i - 35. Let m(q) = 10 - i*q**3 + 0*q - 2*q - 9. Let d(k) = k**2 + k - 1. Let s be d(-2). Give m(s).
-8
Suppose -b + m = 3*b - 21, 4 = -4*m. Let p be 24/15 + 2/b. Suppose k - p*x - 5 = 0, 4*k + 5*x = 3 + 4. Let y(n) = -n + 2. What is y(k)?
-1
Let z(o) = -2 + 2*o**3 + 0*o + o - 8*o**2 + 4 - 3*o**3. What is z(-8)?
-6
Suppose -5*u + 6 = -4. Let z(m) = -m**u - 3*m + 2*m**2 + 2 + 1. Let n be (-2)/((-8)/(-6))*-2. Determine z(n).
3
Let l(f) = 5*f - 2*f**2 - 5 - 3*f**2 - 4*f + f**3. Suppose -11 = 3*z + 1, -2*a + 30 = -5*z. What is l(a)?
0
Let y(t) = -3 - t**2 - 14*t + 8*t + 0. Give y(-4).
5
Let c(h) = -h + 10. Let x = 24 - 17. Let j = x - 2. What is c(j)?
5
Let t(k) = -5*k**3 + 6*k**2 - 4*k + 3. Let d(o) = -11*o**3 + 13*o**2 - 9*o + 7. Suppose u - 3*u = -14. Let p(l) = u*t(l) - 3*d(l). What is p(2)?
-6
Suppose 0 = 4*v - 20, 4*c - 3*v = -2*v - 9. Let l(t) = t. Let s(f) = -4*f**3 + f**2 + 4*f + 1. Let m(n) = -2*l(n) + s(n). Give m(c).
4
Let q(r) = -2*r**3 - 3*r**2 - r. Let u = -2 + 0. Give q(u).
6
Let d(f) = 6*f - 6. Let g(n) = n - 1. Let c(u) = -d(u) + 5*g(u). Let z be 26/10 + (-4)/(-10). Let p = 1 - z. Give c(p).
3
Let r(g) = -6*g + 3. Let b(z) = 17*z - 8. Let f(p) = 4*b(p) + 11*r(p). Suppose -2*q + 3 - 7 = 0. What is f(q)?
-3
Let b(f) = 8*f**2 + 15*f**2 + 1 - 15*f**2. Suppose -5*l - 5 = -0*l. Determine b(l).
9
Let t(w) = w**2 + w + 1. Suppose 0 = -2*z - 2*i + 12, -5 - 7 = -3*z - i. Suppose v + z*y - 2 = 4*y, 3*y = -5*v + 10. What is t(v)?
7
Let l(i) be the second derivative of -i**5/120 - i**4/24 + i**3/2 + 3*i. Let p(n) be the second derivative of l(n). Give p(2).
-3
Suppose -2*r + 4*v - 6 = 2, 5 = r + v. Suppose f + r*f = 6. Let t(n) = 7 + 3 + n + f. Determine t(-5).
7
Let u(r) = r**3 - 2*r**2 + 4. Suppose 6*h + 13*h - 57 = 0. Calculate u(h).
13
Let k(g) = g**2 + 7*g - 3. Let i be k(-8). Let f(p) = p - 1. Let m(w) = 4*w - 8. Let c(h) = -2*f(h) + m(h). Determine c(i).
4
Suppose -a - 4*a - y = 7, 2*a = -3*y + 5. Let r(d) = -6*d**2 + 3*d + 5. Let i(t) = -5*t**2 + 2*t + 4. Let o(n) = -3*i(n) + 2*r(n). Give o(a).
10
Let h(u) be the first derivative of u**3/3 + 3*u**2 + 3*u + 18. What is h(-6)?
3
Suppose -u - 21 = 5*m - 2*u, -2*m - 2*u - 6 = 0. Let i(f) = f**2 + 5*f + 1. Let y be i(m). Let j be (-2 - 0)/((-6)/y). Let g(r) = -4*r**2 + 1. Calculate g(j).
-3
Let k(a) = a**2 - 7*a - 3. Let r(o) = 7*o**2 - 2*o - 1. Let v be r(-1). Determine k(v).
5
Suppose -2*f = -8*f - 36. Let x(r) = r**2 + 6*r + 2. What is x(f)?
2
Suppose 2*y + y - 26 = -4*p, 2*y = -4*p + 24. Let r(b) = b**y - 2*b + b + 8*b + 3. Determine r(-3).
-9
Let z(g) = 19*g**3 + 4*g. Let b(u) = -3*u**2 + u**3 + 7*u - 6*u + 3*u**2. Let k(t) = -5*b(t) + z(t). Determine k(-1).
-13
Let f(d) = 7*d**3 + 14*d**2 + 7*d + 9. Let q(z) = -11*z**3 - 21*z**2 - 11*z - 14. Let j(b) = 8*f(b) + 5*q(b). What is j(-7)?
-5
Let v(s) = 2*s - 7*s + 3*s. Determine v(2).
-4
Let x(h) = h**3 + h**2 - 4*h + 3. Suppose -2*n - 24 = n. Let d = -6 - n. Calculate x(d).
7
Let f(g) be the first derivative of g**3/3 + g**2/2 - g + 3. Let m(x) = -x**3 - 12*x**2 - 5*x + 7. Let n(i) = -6*f(i) - m(i). Let w = -5 - 1. Determine n(w).
5
Suppose 2*d - 3*w = 21, -10 = -5*d + w - 2*w. Let q(y) = 1 - 2*y + 5*y + 2*y + y**d + 4*y**2 - 2*y**3. Calculate q(5).
1
Let v = -7 + 20. Let w(c) = v*c + 2 - 5 - 15*c. W